{"id":41,"date":"2021-04-16T23:31:51","date_gmt":"2021-04-16T23:31:51","guid":{"rendered":"https:\/\/www.ferrato.de\/wordpress\/?page_id=41"},"modified":"2026-03-30T21:11:36","modified_gmt":"2026-03-30T21:11:36","slug":"impressum","status":"publish","type":"page","link":"https:\/\/www.bavarian-explorers.de\/index.php\/impressum\/","title":{"rendered":"Impressum"},"content":{"rendered":"\t\t<div data-elementor-type=\"wp-page\" data-elementor-id=\"41\" class=\"elementor elementor-41\" data-elementor-post-type=\"page\">\n\t\t\t\t\t\t<section class=\"elementor-section elementor-top-section elementor-element elementor-element-2464068 elementor-section-boxed elementor-section-height-default elementor-section-height-default\" data-id=\"2464068\" data-element_type=\"section\" data-e-type=\"section\">\n\t\t\t\t\t\t<div class=\"elementor-container elementor-column-gap-default\">\n\t\t\t\t\t<div class=\"elementor-column elementor-col-100 elementor-top-column elementor-element elementor-element-e366445\" data-id=\"e366445\" data-element_type=\"column\" data-e-type=\"column\">\n\t\t\t<div class=\"elementor-widget-wrap elementor-element-populated\">\n\t\t\t\t\t\t<div class=\"elementor-element elementor-element-c578d7a elementor-widget elementor-widget-text-editor\" data-id=\"c578d7a\" data-element_type=\"widget\" data-e-type=\"widget\" data-widget_type=\"text-editor.default\">\n\t\t\t\t<div class=\"elementor-widget-container\">\n\t\t\t\t\t\t\t\t\t<p>Dieses<b> Impressum gilt auch f\u00fcr alle nachstehenden Social Media Pr\u00e4senzen:<br \/><\/b><strong><span style=\"color: #993366;\"><a style=\"color: #993366;\" href=\"https:\/\/www.youtube.com\/c\/DirkFerrato\/\" target=\"_blank\" rel=\"noopener\">YouTube<\/a><\/span><\/strong>,\u00a0<strong><span style=\"color: #993366;\"><a style=\"color: #993366;\" href=\"https:\/\/www.facebook.com\/dirk.ferrato\/\" target=\"_blank\" rel=\"noopener\">Facebook<\/a><\/span><\/strong>,\u00a0<strong><span style=\"color: #993366;\"><a style=\"color: #993366;\" href=\"https:\/\/twitter.com\/dirk_ferrato\" target=\"_blank\" rel=\"noopener\">Twitter<\/a><\/span><\/strong>,\u00a0<span style=\"color: #993366;\"><a style=\"color: #993366;\" href=\"https:\/\/www.twitch.tv\/dirkferrato\" target=\"_blank\" rel=\"noopener\"><b>Twitch,<\/b><\/a><b>\u00a0<\/b><\/span><strong><span style=\"color: #993366;\"><a style=\"color: #993366;\" href=\"https:\/\/befedi.de\/discord\/\" target=\"_blank\" rel=\"noopener\">Discord<\/a> und <\/span><\/strong><span style=\"color: #993366;\"><strong><a style=\"background-color: #ffffff; color: #993366;\" href=\"https:\/\/www.instagram.com\/dirk.ferrato\/\" target=\"_blank\" rel=\"noopener\">Instagram<\/a><\/strong><\/span><\/p>\t\t\t\t\t\t\t\t<\/div>\n\t\t\t\t<\/div>\n\t\t\t\t\t<\/div>\n\t\t<\/div>\n\t\t\t\t\t<\/div>\n\t\t<\/section>\n\t\t\t\t<section class=\"elementor-section elementor-top-section elementor-element elementor-element-6527161 elementor-section-boxed elementor-section-height-default elementor-section-height-default\" data-id=\"6527161\" data-element_type=\"section\" data-e-type=\"section\">\n\t\t\t\t\t\t<div class=\"elementor-container elementor-column-gap-default\">\n\t\t\t\t\t<div class=\"elementor-column elementor-col-100 elementor-top-column elementor-element elementor-element-7a7c01b\" data-id=\"7a7c01b\" data-element_type=\"column\" data-e-type=\"column\">\n\t\t\t<div class=\"elementor-widget-wrap elementor-element-populated\">\n\t\t\t\t\t\t<div class=\"elementor-element elementor-element-84aeefe elementor-widget elementor-widget-heading\" data-id=\"84aeefe\" data-element_type=\"widget\" data-e-type=\"widget\" data-widget_type=\"heading.default\">\n\t\t\t\t<div class=\"elementor-widget-container\">\n\t\t\t\t\t<h3 class=\"elementor-heading-title elementor-size-default\">Angaben gem\u00e4\u00df \u00a7 5 TMG<\/h3>\t\t\t\t<\/div>\n\t\t\t\t<\/div>\n\t\t\t\t\t<\/div>\n\t\t<\/div>\n\t\t\t\t\t<\/div>\n\t\t<\/section>\n\t\t\t\t<section class=\"elementor-section elementor-top-section elementor-element elementor-element-e373ad8 elementor-section-boxed elementor-section-height-default elementor-section-height-default\" data-id=\"e373ad8\" data-element_type=\"section\" data-e-type=\"section\">\n\t\t\t\t\t\t<div class=\"elementor-container elementor-column-gap-default\">\n\t\t\t\t\t<div class=\"elementor-column elementor-col-50 elementor-top-column elementor-element elementor-element-553a164\" data-id=\"553a164\" data-element_type=\"column\" data-e-type=\"column\">\n\t\t\t<div class=\"elementor-widget-wrap elementor-element-populated\">\n\t\t\t\t\t\t<div class=\"elementor-element elementor-element-d784291 elementor-widget elementor-widget-text-editor\" data-id=\"d784291\" data-element_type=\"widget\" data-e-type=\"widget\" data-widget_type=\"text-editor.default\">\n\t\t\t\t<div class=\"elementor-widget-container\">\n\t\t\t\t\t\t\t\t\t<p><b><span style=\"font-size: 14pt;\">BeFeDi Video Production<\/span><br \/><\/b>Dirk Ferrato &#8211; Bavarian Explorers<br \/>Gewerbebogen 8<br \/>85661 Forstinning<br \/>WhatsApp: 01522 &#8211; 906 9460<br \/>eMail: email@befedi.de<\/p>\t\t\t\t\t\t\t\t<\/div>\n\t\t\t\t<\/div>\n\t\t\t\t\t<\/div>\n\t\t<\/div>\n\t\t\t\t<div class=\"elementor-column elementor-col-50 elementor-top-column elementor-element elementor-element-08c5857\" data-id=\"08c5857\" data-element_type=\"column\" data-e-type=\"column\">\n\t\t\t<div class=\"elementor-widget-wrap elementor-element-populated\">\n\t\t\t\t\t\t<div class=\"elementor-element elementor-element-87aac8b elementor-widget elementor-widget-text-editor\" data-id=\"87aac8b\" data-element_type=\"widget\" data-e-type=\"widget\" data-widget_type=\"text-editor.default\">\n\t\t\t\t<div class=\"elementor-widget-container\">\n\t\t\t\t\t\t\t\t\t<p><strong>Umsatzsteuer-Identifikationsnummer:<\/strong> DE205040223<br \/><strong>Registergericht:<\/strong> Amtsgericht M\u00fcnchen<br \/><strong>Finanzamt:<\/strong> Ebersberg<\/p><p><b>Gesch\u00e4ftliche Anfragen per\u00a0eMail:<\/b> \u00a0business@ferrato.de<br \/><b>Bild- und Videorechte:<\/b> BeFeDi Video Production<\/p>\t\t\t\t\t\t\t\t<\/div>\n\t\t\t\t<\/div>\n\t\t\t\t\t<\/div>\n\t\t<\/div>\n\t\t\t\t\t<\/div>\n\t\t<\/section>\n\t\t\t\t<section class=\"elementor-section elementor-top-section elementor-element elementor-element-8e4ff0e elementor-section-boxed elementor-section-height-default elementor-section-height-default\" data-id=\"8e4ff0e\" data-element_type=\"section\" data-e-type=\"section\">\n\t\t\t\t\t\t<div class=\"elementor-container elementor-column-gap-default\">\n\t\t\t\t\t<div class=\"elementor-column elementor-col-100 elementor-top-column elementor-element elementor-element-decdfb5\" data-id=\"decdfb5\" data-element_type=\"column\" data-e-type=\"column\">\n\t\t\t<div class=\"elementor-widget-wrap elementor-element-populated\">\n\t\t\t\t\t\t<div class=\"elementor-element elementor-element-8247b1a elementor-widget elementor-widget-text-editor\" data-id=\"8247b1a\" data-element_type=\"widget\" data-e-type=\"widget\" data-widget_type=\"text-editor.default\">\n\t\t\t\t<div class=\"elementor-widget-container\">\n\t\t\t\t\t\t\t\t\t<p>S\u00e4mtliche Inhalte auf dieser Website sind urheberrechtlich gesch\u00fctzt und d\u00fcrfen ohne vorherige schriftliche Zustimmung nicht verbreitet oder anderweitig verwendet werden.<br \/>Copyright \u00a9 BeFeDi Video Production \u2022 Alle Rechte vorbehalten<\/p>\t\t\t\t\t\t\t\t<\/div>\n\t\t\t\t<\/div>\n\t\t\t\t\t<\/div>\n\t\t<\/div>\n\t\t\t\t\t<\/div>\n\t\t<\/section>\n\t\t\t\t<section class=\"elementor-section elementor-top-section elementor-element elementor-element-3b61d0c elementor-section-boxed elementor-section-height-default elementor-section-height-default\" data-id=\"3b61d0c\" data-element_type=\"section\" data-e-type=\"section\">\n\t\t\t\t\t\t<div class=\"elementor-container elementor-column-gap-default\">\n\t\t\t\t\t<div class=\"elementor-column elementor-col-100 elementor-top-column elementor-element elementor-element-a6499c3\" data-id=\"a6499c3\" data-element_type=\"column\" data-e-type=\"column\">\n\t\t\t<div class=\"elementor-widget-wrap elementor-element-populated\">\n\t\t\t\t\t\t<div class=\"elementor-element elementor-element-206bf77 elementor-widget-divider--view-line elementor-widget elementor-widget-divider\" data-id=\"206bf77\" data-element_type=\"widget\" data-e-type=\"widget\" data-widget_type=\"divider.default\">\n\t\t\t\t<div class=\"elementor-widget-container\">\n\t\t\t\t\t\t\t<div class=\"elementor-divider\">\n\t\t\t<span class=\"elementor-divider-separator\">\n\t\t\t\t\t\t<\/span>\n\t\t<\/div>\n\t\t\t\t\t\t<\/div>\n\t\t\t\t<\/div>\n\t\t\t\t\t<\/div>\n\t\t<\/div>\n\t\t\t\t\t<\/div>\n\t\t<\/section>\n\t\t\t\t<section class=\"elementor-section elementor-top-section elementor-element elementor-element-271dce3 elementor-section-boxed elementor-section-height-default elementor-section-height-default\" data-id=\"271dce3\" data-element_type=\"section\" data-e-type=\"section\">\n\t\t\t\t\t\t<div class=\"elementor-container elementor-column-gap-default\">\n\t\t\t\t\t<div class=\"elementor-column elementor-col-100 elementor-top-column elementor-element elementor-element-075ce3b\" data-id=\"075ce3b\" data-element_type=\"column\" data-e-type=\"column\">\n\t\t\t<div class=\"elementor-widget-wrap elementor-element-populated\">\n\t\t\t\t\t\t<div class=\"elementor-element elementor-element-8da30f5 elementor-widget elementor-widget-text-editor\" data-id=\"8da30f5\" data-element_type=\"widget\" data-e-type=\"widget\" data-widget_type=\"text-editor.default\">\n\t\t\t\t<div class=\"elementor-widget-container\">\n\t\t\t\t\t\t\t\t\t<h1 style=\"white-space: normal;\"><strong style=\"white-space: normal;\">Disclaimer \u2013 Rechtliche Hinweise<\/strong><\/h1><p><strong style=\"white-space: normal;\"><b><span style=\"font-size: large;\">Streitschlichtung<\/span><\/b><\/strong><br \/>Wir sind nicht verpflichtet und nicht bereit, an Streitbeilegungsverfahren vor einer Verbraucherschlichtungsstelle teilzunehmen.<br \/>Die EU\u2011Kommission stellt eine Plattform zur Online\u2011Streitbeilegung (OS) bereit: <span style=\"white-space: normal;\" tabindex=\"0\" role=\"button\" data-url=\"https:\/\/ec.europa.eu\/consumers\/odr\/\" aria-label=\"https:\/\/ec.europa.eu\/consumers\/odr\/, dadurch gelangen Sie zu ec.europa.eu\">https:\/\/ec.europa.eu\/consumers\/odr\/<br \/><\/span><span style=\"white-space: pre-wrap;\"><strong style=\"white-space: pre-wrap;\"><br \/><\/strong><\/span><strong style=\"white-space: pre-wrap;\"><span style=\"font-size: large;\"><b>Inhalte<\/b><\/span><\/strong><span style=\"white-space: pre-wrap;\"><br \/><\/span>Als Diensteanbieter sind wir gem\u00e4\u00df \u00a7\u202f7 Abs.\u202f1 TMG f\u00fcr eigene Inhalte auf diesen Seiten nach den allgemeinen Gesetzen verantwortlich. Nach \u00a7\u00a7\u202f8 bis 10 TMG sind wir jedoch nicht verpflichtet, \u00fcbermittelte oder gespeicherte fremde Informationen zu \u00fcberwachen oder aktiv nach Hinweisen auf rechtswidrige T\u00e4tigkeiten zu suchen. Verpflichtungen zur Entfernung oder Sperrung von Informationen nach den allgemeinen Gesetzen bleiben hiervon unber\u00fchrt. Eine Haftung ist jedoch erst ab dem Zeitpunkt m\u00f6glich, an dem wir konkrete Kenntnis von einer Rechtsverletzung erhalten. Sobald uns entsprechende Rechtsverletzungen bekannt werden, entfernen wir die betreffenden Inhalte umgehend.<span style=\"white-space: pre-wrap;\"><br \/><\/span><br \/><strong style=\"white-space: pre-wrap;\"><span style=\"font-size: large;\"><b>Externe Links<\/b><\/span><\/strong><span style=\"white-space: pre-wrap;\"><br \/>Diese Website enth\u00e4lt Links zu externen Anbietern wie YouTube, Twitch oder anderen Plattformen. F\u00fcr deren Inhalte sind ausschlie\u00dflich die jeweiligen Betreiber verantwortlich. Zum Zeitpunkt der Verlinkung waren keine Rechtsverst\u00f6\u00dfe erkennbar. Bei Hinweisen auf problematische Inhalte werden entsprechende Links umgehend entfernt.<br \/><\/span><br \/><strong style=\"white-space: pre-wrap;\"><span style=\"font-size: large;\"><b>Urheberrecht<\/b><\/span><\/strong><span style=\"white-space: pre-wrap;\"><br \/><\/span>Alle Inhalte dieser Website sowie der verlinkten Social\u2011Media\u2011Kan\u00e4le unterliegen dem deutschen Urheberrecht. Jede Nutzung au\u00dferhalb des privaten, nicht\u2011kommerziellen Bereichs erfordert die schriftliche Zustimmung von <strong>BeFeDi Video Production<\/strong>. Das Einbetten von Videos \u00fcber offizielle Plattform\u2011Funktionen ist erlaubt. Die Darstellung dieser Website in fremden Frames ist nur mit vorheriger Zustimmung gestattet.<\/p><p><strong style=\"white-space: pre-wrap;\"><span style=\"font-size: large;\"><b>Besondere Nutzungsbedingungen<\/b><\/span><\/strong><span style=\"white-space: pre-wrap;\"><br \/>Sollten f\u00fcr bestimmte Bereiche dieser Website besondere Regelungen gelten, weisen wir dort ausdr\u00fccklich darauf hin.<\/span><\/p>\t\t\t\t\t\t\t\t<\/div>\n\t\t\t\t<\/div>\n\t\t\t\t\t<\/div>\n\t\t<\/div>\n\t\t\t\t\t<\/div>\n\t\t<\/section>\n\t\t\t\t<section class=\"elementor-section elementor-top-section elementor-element elementor-element-354bc36 elementor-section-boxed elementor-section-height-default elementor-section-height-default\" data-id=\"354bc36\" data-element_type=\"section\" data-e-type=\"section\">\n\t\t\t\t\t\t<div class=\"elementor-container elementor-column-gap-default\">\n\t\t\t\t\t<div class=\"elementor-column elementor-col-50 elementor-top-column elementor-element elementor-element-a903881\" data-id=\"a903881\" data-element_type=\"column\" data-e-type=\"column\">\n\t\t\t<div class=\"elementor-widget-wrap\">\n\t\t\t\t\t\t\t<\/div>\n\t\t<\/div>\n\t\t\t\t<div class=\"elementor-column elementor-col-50 elementor-top-column elementor-element elementor-element-cd3aa8a\" data-id=\"cd3aa8a\" data-element_type=\"column\" data-e-type=\"column\">\n\t\t\t<div class=\"elementor-widget-wrap elementor-element-populated\">\n\t\t\t\t\t\t<div class=\"elementor-element elementor-element-6559985 elementor-widget elementor-widget-text-editor\" data-id=\"6559985\" data-element_type=\"widget\" data-e-type=\"widget\" data-widget_type=\"text-editor.default\">\n\t\t\t\t<div class=\"elementor-widget-container\">\n\t\t\t\t\t\t\t\t\t<p style=\"text-align: right;\"><span style=\"color: #993366;\"><a style=\"color: #993366;\" href=\"https:\/\/www.bavarian-explorers.de\/index.php\/datenschutzerklaerung\/\"><strong><span style=\"color: #993366;\">Datenschutzerkl\u00e4rung<\/span>\u00a0 \u00a0&gt;&gt;&gt;<\/strong><\/a><\/span><\/p>\t\t\t\t\t\t\t\t<\/div>\n\t\t\t\t<\/div>\n\t\t\t\t\t<\/div>\n\t\t<\/div>\n\t\t\t\t\t<\/div>\n\t\t<\/section>\n\t\t\t\t<\/div>\n\t\t","protected":false},"excerpt":{"rendered":"<p>Dieses Impressum gilt auch f\u00fcr alle nachstehenden Social Media Pr\u00e4senzen:YouTube,\u00a0Facebook,\u00a0Twitter,\u00a0Twitch,\u00a0Discord und Instagram Angaben gem\u00e4\u00df \u00a7 5 TMG BeFeDi Video ProductionDirk Ferrato &#8211; Bavarian ExplorersGewerbebogen 885661 ForstinningWhatsApp: 01522 &#8211; 906 9460eMail: email@befedi.de Umsatzsteuer-Identifikationsnummer: DE205040223Registergericht: Amtsgericht M\u00fcnchenFinanzamt: Ebersberg Gesch\u00e4ftliche Anfragen per\u00a0eMail: \u00a0business@ferrato.deBild- und Videorechte: BeFeDi Video Production S\u00e4mtliche Inhalte auf dieser Website sind urheberrechtlich gesch\u00fctzt und d\u00fcrfen &hellip; <\/p>\n<p class=\"link-more\"><a href=\"https:\/\/www.bavarian-explorers.de\/index.php\/impressum\/\" class=\"more-link\">Mehr <span class=\"screen-reader-text\">\u00fcber &#8222;Impressum&#8220; <\/span>Lesen<\/a><\/p>\n","protected":false},"author":1,"featured_media":677,"parent":0,"menu_order":0,"comment_status":"closed","ping_status":"closed","template":"","meta":{"inspiro_hide_title":false,"footnotes":""},"class_list":["post-41","page","type-page","status-publish","has-post-thumbnail","hentry"],"featured_media_urls":{"thumbnail":["https:\/\/www.bavarian-explorers.de\/wp-content\/uploads\/2021\/06\/paragraph-150x150.jpg",150,150,true],"medium":["https:\/\/www.bavarian-explorers.de\/wp-content\/uploads\/2021\/06\/paragraph-300x53.jpg",300,53,true],"medium_large":["https:\/\/www.bavarian-explorers.de\/wp-content\/uploads\/2021\/06\/paragraph-768x136.jpg",768,136,true],"large":["https:\/\/www.bavarian-explorers.de\/wp-content\/uploads\/2021\/06\/paragraph-1024x181.jpg",950,168,true],"1536x1536":["https:\/\/www.bavarian-explorers.de\/wp-content\/uploads\/2021\/06\/paragraph-1536x272.jpg",1536,272,true],"2048x2048":["https:\/\/www.bavarian-explorers.de\/wp-content\/uploads\/2021\/06\/paragraph.jpg",1920,340,false],"inspiro-featured-image":["https:\/\/www.bavarian-explorers.de\/wp-content\/uploads\/2021\/06\/paragraph.jpg",1920,340,false],"inspiro-loop":["https:\/\/www.bavarian-explorers.de\/wp-content\/uploads\/2021\/06\/paragraph-950x320.jpg",950,320,true],"inspiro-loop@2x":["https:\/\/www.bavarian-explorers.de\/wp-content\/uploads\/2021\/06\/paragraph-1900x340.jpg",1900,340,true],"portfolio_item-thumbnail":["https:\/\/www.bavarian-explorers.de\/wp-content\/uploads\/2021\/06\/paragraph-600x340.jpg",600,340,true],"portfolio_item-thumbnail@2x":["https:\/\/www.bavarian-explorers.de\/wp-content\/uploads\/2021\/06\/paragraph-1200x340.jpg",1200,340,true],"portfolio_item-masonry":["https:\/\/www.bavarian-explorers.de\/wp-content\/uploads\/2021\/06\/paragraph-600x106.jpg",600,106,true],"portfolio_item-masonry@2x":["https:\/\/www.bavarian-explorers.de\/wp-content\/uploads\/2021\/06\/paragraph-1200x213.jpg",1200,213,true],"portfolio_item-thumbnail_cinema":["https:\/\/www.bavarian-explorers.de\/wp-content\/uploads\/2021\/06\/paragraph-800x335.jpg",800,335,true],"portfolio_item-thumbnail_portrait":["https:\/\/www.bavarian-explorers.de\/wp-content\/uploads\/2021\/06\/paragraph-600x340.jpg",600,340,true],"portfolio_item-thumbnail_portrait@2x":["https:\/\/www.bavarian-explorers.de\/wp-content\/uploads\/2021\/06\/paragraph-1200x340.jpg",1200,340,true],"portfolio_item-thumbnail_square":["https:\/\/www.bavarian-explorers.de\/wp-content\/uploads\/2021\/06\/paragraph-800x340.jpg",800,340,true]},"_links":{"self":[{"href":"https:\/\/www.bavarian-explorers.de\/index.php\/wp-json\/wp\/v2\/pages\/41","targetHints":{"allow":["GET"]}}],"collection":[{"href":"https:\/\/www.bavarian-explorers.de\/index.php\/wp-json\/wp\/v2\/pages"}],"about":[{"href":"https:\/\/www.bavarian-explorers.de\/index.php\/wp-json\/wp\/v2\/types\/page"}],"author":[{"embeddable":true,"href":"https:\/\/www.bavarian-explorers.de\/index.php\/wp-json\/wp\/v2\/users\/1"}],"replies":[{"embeddable":true,"href":"https:\/\/www.bavarian-explorers.de\/index.php\/wp-json\/wp\/v2\/comments?post=41"}],"version-history":[{"count":179,"href":"https:\/\/www.bavarian-explorers.de\/index.php\/wp-json\/wp\/v2\/pages\/41\/revisions"}],"predecessor-version":[{"id":3564,"href":"https:\/\/www.bavarian-explorers.de\/index.php\/wp-json\/wp\/v2\/pages\/41\/revisions\/3564"}],"wp:featuredmedia":[{"embeddable":true,"href":"https:\/\/www.bavarian-explorers.de\/index.php\/wp-json\/wp\/v2\/media\/677"}],"wp:attachment":[{"href":"https:\/\/www.bavarian-explorers.de\/index.php\/wp-json\/wp\/v2\/media?parent=41"}],"curies":[{"name":"wp","href":"https:\/\/api.w.org\/{rel}","templated":true}]}}